{"id":12237,"date":"2023-01-18T18:37:11","date_gmt":"2023-01-18T17:37:11","guid":{"rendered":"https:\/\/www.blacktraction.com\/home\/?page_id=12237"},"modified":"2025-10-22T19:02:14","modified_gmt":"2025-10-22T17:02:14","slug":"rc-per-gomme-auto-radiocomandate","status":"publish","type":"page","link":"https:\/\/www.blacktraction.com\/home\/aumentare-rinnovare-aderenza-pneumatici-gomma\/rc-per-gomme-auto-radiocomandate","title":{"rendered":"RC per GOMME AUTO RADIOCOMANDATE"},"content":{"rendered":"<div class=\"wpb-content-wrapper\"><p>[vc_row][vc_column][vc_column_text]<\/p>\n<h3 style=\"text-align: center;\"><span style=\"color: #0000ff;\"><strong>RC<\/strong><\/span><\/h3>\n<p><span style=\"color: #000000;\">Blacktraction RC migliora le prestazioni degli pneumatici in gomma spugna di 3\/4 decimi\/giro quando le piste hanno ottima aderenza; ma il vantaggio \u00e8 ancora maggiore quando c\u2019\u00e8 poca aderenza. L\u2019 effetto dura per tutto il battistrada per circa 6 mesi. Non aumenta l\u2019usura e la resistenza all\u2019avanzamento (scorrevolezza). Adatto a rinnovare al meglio possibile la mescola di gomme vecchie di auto radiocomandate 1 a 8 e 1 a 10 e qualsiasi altra scala. Il prodotto v\u00e0 applicato a pennello sulle gomme asciutte che poi vanno &#8220;massaggiate&#8221; a mano per far assorbire pi\u00f9 in profondit\u00e0 possibile il prodotto. Il tempo necessario al completo assorbimento varia conseguentemente alla temperatura dell&#8217; ambiente e della mescola; al grado di invecchiamento\/cristallizzazione ed al tipo di mescola. E&#8217; consigliata l&#8217; applicazione una decina d&#8217; ore prima dell&#8217; utilizzo.<br \/>\n<\/span><\/p>\n\n\t\t<style type=\"text\/css\">\n\t\t\t#gallery-1 {\n\t\t\t\tmargin: auto;\n\t\t\t}\n\t\t\t#gallery-1 .gallery-item {\n\t\t\t\tfloat: left;\n\t\t\t\tmargin-top: 10px;\n\t\t\t\ttext-align: center;\n\t\t\t\twidth: 50%;\n\t\t\t}\n\t\t\t#gallery-1 img {\n\t\t\t\tborder: 2px solid #cfcfcf;\n\t\t\t}\n\t\t\t#gallery-1 .gallery-caption {\n\t\t\t\tmargin-left: 0;\n\t\t\t}\n\t\t\t\/* see gallery_shortcode() in wp-includes\/media.php *\/\n\t\t<\/style>\n\t\t<div id='gallery-1' class='gallery galleryid-12237 gallery-columns-2 gallery-size-thumbnail'><dl class='gallery-item'>\n\t\t\t<dt class='gallery-icon landscape'>\n\t\t\t\t<a href='https:\/\/www.blacktraction.com\/home\/aumentare-rinnovare-aderenza-pneumatici-gomma\/rc-per-gomme-auto-radiocomandate\/img20251008164721blacktraction-rc-marco-cisolla-2025#main'><img loading=\"lazy\" decoding=\"async\" width=\"250\" height=\"250\" src=\"https:\/\/www.blacktraction.com\/home\/wp-content\/uploads\/2025\/10\/IMG20251008164721blacktraction-RC-marco-cisolla-2025-250x250.jpg\" class=\"attachment-thumbnail size-thumbnail\" alt=\"\" srcset=\"https:\/\/www.blacktraction.com\/home\/wp-content\/uploads\/2025\/10\/IMG20251008164721blacktraction-RC-marco-cisolla-2025-250x250.jpg 250w, https:\/\/www.blacktraction.com\/home\/wp-content\/uploads\/2025\/10\/IMG20251008164721blacktraction-RC-marco-cisolla-2025-144x144.jpg 144w\" sizes=\"auto, (max-width: 250px) 100vw, 250px\" \/><\/a>\n\t\t\t<\/dt><\/dl><dl class='gallery-item'>\n\t\t\t<dt class='gallery-icon landscape'>\n\t\t\t\t<a href='https:\/\/www.blacktraction.com\/home\/aumentare-rinnovare-aderenza-pneumatici-gomma\/rc-per-gomme-auto-radiocomandate\/img20251008165713blacktraction-rc-marco-cisolla-2025#main'><img loading=\"lazy\" decoding=\"async\" width=\"250\" height=\"250\" src=\"https:\/\/www.blacktraction.com\/home\/wp-content\/uploads\/2025\/10\/IMG20251008165713blacktraction-RC-marco-cisolla-2025-250x250.jpg\" class=\"attachment-thumbnail size-thumbnail\" alt=\"\" srcset=\"https:\/\/www.blacktraction.com\/home\/wp-content\/uploads\/2025\/10\/IMG20251008165713blacktraction-RC-marco-cisolla-2025-250x250.jpg 250w, https:\/\/www.blacktraction.com\/home\/wp-content\/uploads\/2025\/10\/IMG20251008165713blacktraction-RC-marco-cisolla-2025-144x144.jpg 144w\" sizes=\"auto, (max-width: 250px) 100vw, 250px\" \/><\/a>\n\t\t\t<\/dt><\/dl><br style=\"clear: both\" \/><dl class='gallery-item'>\n\t\t\t<dt class='gallery-icon landscape'>\n\t\t\t\t<a href='https:\/\/www.blacktraction.com\/home\/aumentare-rinnovare-aderenza-pneumatici-gomma\/rc-per-gomme-auto-radiocomandate\/img20251012114025blacktraction-rc-marco-cisolla-2025#main'><img loading=\"lazy\" decoding=\"async\" width=\"250\" height=\"250\" src=\"https:\/\/www.blacktraction.com\/home\/wp-content\/uploads\/2025\/10\/IMG20251012114025blacktraction-RC-marco-cisolla-2025-250x250.jpg\" class=\"attachment-thumbnail size-thumbnail\" alt=\"\" srcset=\"https:\/\/www.blacktraction.com\/home\/wp-content\/uploads\/2025\/10\/IMG20251012114025blacktraction-RC-marco-cisolla-2025-250x250.jpg 250w, https:\/\/www.blacktraction.com\/home\/wp-content\/uploads\/2025\/10\/IMG20251012114025blacktraction-RC-marco-cisolla-2025-144x144.jpg 144w\" sizes=\"auto, (max-width: 250px) 100vw, 250px\" \/><\/a>\n\t\t\t<\/dt><\/dl><dl class='gallery-item'>\n\t\t\t<dt class='gallery-icon landscape'>\n\t\t\t\t<a href='https:\/\/www.blacktraction.com\/home\/home\/img_0130-2#main'><img loading=\"lazy\" decoding=\"async\" width=\"250\" height=\"250\" src=\"https:\/\/www.blacktraction.com\/home\/wp-content\/uploads\/2015\/10\/IMG_0130-250x250.jpg\" class=\"attachment-thumbnail size-thumbnail\" alt=\"\" \/><\/a>\n\t\t\t<\/dt><\/dl><br style=\"clear: both\" \/>\n\t\t<\/div>\n\n<p>[\/vc_column_text][\/vc_column][\/vc_row][vc_row][vc_column width=&#8221;1\/2&#8243;][vc_btn title=&#8221;ACQUISTA RC&#8221; style=&#8221;custom&#8221; custom_background=&#8221;#54f71d&#8221; custom_text=&#8221;#000000&#8243; align=&#8221;center&#8221; button_block=&#8221;true&#8221; custom_onclick=&#8221;true&#8221; link=&#8221;url:https%3A%2F%2Fshop.blacktraction.com%2Fproduct%2Frc%2F|target:_blank&#8221;][\/vc_column][vc_column width=&#8221;1\/2&#8243;][vc_btn title=&#8221;METODO APPLICATIVO&#8221; style=&#8221;custom&#8221; custom_background=&#8221;#ffffff&#8221; custom_text=&#8221;#000000&#8243; align=&#8221;center&#8221; button_block=&#8221;true&#8221; custom_onclick=&#8221;true&#8221; link=&#8221;url:https%3A%2F%2Fwww.blacktraction.com%2Fhome%2Fistruzioni-duso%2Frc-metodi-applicativi|target:_blank&#8221;][\/vc_column][\/vc_row]<\/p>\n<\/div>","protected":false},"excerpt":{"rendered":"<p>[vc_row][vc_column][vc_column_text] RC Blacktraction RC migliora le prestazioni degli pneumatici in gomma spugna di 3\/4 decimi\/giro quando le piste hanno ottima &hellip; <span class=\"more-link\"><a href=\"https:\/\/www.blacktraction.com\/home\/aumentare-rinnovare-aderenza-pneumatici-gomma\/rc-per-gomme-auto-radiocomandate\">Continue Reading<\/a><\/span><\/p>\n","protected":false},"author":1,"featured_media":0,"parent":65,"menu_order":0,"comment_status":"closed","ping_status":"closed","template":"page-full-width.php","meta":{"footnotes":""},"class_list":["post-12237","page","type-page","status-publish","hentry"],"_links":{"self":[{"href":"https:\/\/www.blacktraction.com\/home\/wp-json\/wp\/v2\/pages\/12237","targetHints":{"allow":["GET"]}}],"collection":[{"href":"https:\/\/www.blacktraction.com\/home\/wp-json\/wp\/v2\/pages"}],"about":[{"href":"https:\/\/www.blacktraction.com\/home\/wp-json\/wp\/v2\/types\/page"}],"author":[{"embeddable":true,"href":"https:\/\/www.blacktraction.com\/home\/wp-json\/wp\/v2\/users\/1"}],"replies":[{"embeddable":true,"href":"https:\/\/www.blacktraction.com\/home\/wp-json\/wp\/v2\/comments?post=12237"}],"version-history":[{"count":3,"href":"https:\/\/www.blacktraction.com\/home\/wp-json\/wp\/v2\/pages\/12237\/revisions"}],"predecessor-version":[{"id":22090,"href":"https:\/\/www.blacktraction.com\/home\/wp-json\/wp\/v2\/pages\/12237\/revisions\/22090"}],"up":[{"embeddable":true,"href":"https:\/\/www.blacktraction.com\/home\/wp-json\/wp\/v2\/pages\/65"}],"wp:attachment":[{"href":"https:\/\/www.blacktraction.com\/home\/wp-json\/wp\/v2\/media?parent=12237"}],"curies":[{"name":"wp","href":"https:\/\/api.w.org\/{rel}","templated":true}]}}